{"id":2191,"date":"2019-01-25T10:44:51","date_gmt":"2019-01-25T10:44:51","guid":{"rendered":"http:\/\/ccis.com.ar\/capacitaciones\/?page_id=2191"},"modified":"2019-01-25T10:49:51","modified_gmt":"2019-01-25T10:49:51","slug":"diplomaturas-universitarias","status":"publish","type":"page","link":"https:\/\/ccis.com.ar\/capacitaciones\/diplomaturas-universitarias\/","title":{"rendered":"Diplomaturas Universitarias"},"content":{"rendered":"<p>[vc_row][vc_column]<div class=\"educare-course-list-wrap educare-course-list-3\"><div class=\"row\"><div class=\"col-md-4\">\n\n            <div class=\"single-educare-course\">\n            <a href=\"https:\/\/ccis.com.ar\/capacitaciones\/cursos\/diplomatura-en-ventas-y-negociacion\/\">\n                <div style=\"background-image:url(https:\/\/ccis.com.ar\/capacitaciones\/wp-content\/uploads\/2018\/07\/fotoweb-DIPLOVENTAS-300x300.png)\" class=\"educare-course-img\">\n\n                    <div class=\"educare-loading-bar\">\n\n                        <p><i class=\"fa fa-cog fa-spin\"><\/i> Loading ...<\/p>\n\n                    <\/div>\n\n                    <div class=\"educare-course-img-border\"><\/div>\n\n                <\/div>\n\n                <h2>Diplomatura en Ventas y Negociaci\u00f3n <span> <span  class=\"count\"><\/span><\/span><\/h2>\n\n                <p>Octava Edici\u00f3n Introducci\u00f3n: El requerimiento de mantenerse actualizado en el amplio \u00e1mbito de las ventas y la negociaci\u00f3n, constituye en la actualidad, un factor de primera necesidad para dos los individuos que conforman los eslabones principales de la cadena de comercializaci\u00f3n de productos y\/o servicios, en todo tipo de empresas, y en cualquier lugar de [&hellip;]<\/p>\n\n\n                <a href=\"https:\/\/ccis.com.ar\/capacitaciones\/cursos\/diplomatura-en-ventas-y-negociacion\/\" class=\"educare-btn bordered-btn \">Learn More<\/a>\n            <\/a>\n            <\/div>\n\n        <\/div><\/div>\n\n    <script>\n\n    jQuery(document).ready(function($){\n\n        $(\".loadmore-course-btn\").click(function(){\n\n            $.ajax({\n\n                type: 'POST',\n\n                url: \"https:\/\/ccis.com.ar\/capacitaciones\/wp-admin\/admin-ajax.php\",\n\n                dataType: 'html',\n\n                data: {\n\n                    count: $(this).attr(\"data-count\"),\n\n                    columns: $(this).attr(\"data-columns\"),\n\n                    static_count: $(this).attr(\"data-static-count\"),\n\n                    total_loaded: $(this).attr(\"data-total-loaded\"),\n\n                    btn_text: $(this).attr(\"data-btn-text\"),\n\n                    category: $(this).attr(\"data-category\"),\n\n                    action: 'load_more_courses',\n\n                    nonce: $(this).data('nonce')\n\n                },\n\n                beforeSend: function(data) {\n\n                    $(\"#load-next-courses-message\").append(\"<span class='coursemore-loading-text'><i class='fa fa-cog fa-spin'><\/i> courses loading ...<\/span>\");\n\n                    $(\".loadmore-course-btn\").hide();\n\n                },\n\n                success: function(data, result){\n\n                    if( result != 'error' ) {\n\n                        $(\".educare-course-list-wrap .row\").append(data);\n\n\n\n\n\n\n\n\n\n                        var posts_per_page = 10;\n\n                        var final_count = parseInt($(\".loadmore-course-btn\").attr(\"data-count\")) + parseInt(posts_per_page);\n\n\n\n                        var total_found_posts = parseInt(1);\n\n                        $(\".loadmore-course-btn\").removeAttr(\"data-count\");\n\n                        $(\".loadmore-course-btn\").attr(\"data-count\", final_count);\n\n\n\n\n\n\n\n                        var total_loaded_count = parseInt($(\".loadmore-course-btn\").attr(\"data-count\")) - parseInt(posts_per_page);\n\n\n\n                        $(\".loadmore-course-btn\").removeAttr(\"data-total-loaded\");\n\n                        $(\".loadmore-course-btn\").attr(\"data-total-loaded\", total_loaded_count);\n\n                        $(\"#load-next-courses-message\").empty();\n\n                        $(\".loadmore-course-btn\").show();\n\n\n\n                        if ( parseInt($(\".loadmore-course-btn\").attr(\"data-total-loaded\")) > total_found_posts) {\n\n                            $(\"#load-next-courses-message\").append(\"No more courses available\");\n\n                            $(\".load-more-courses-wrap, #load-next-courses-message\").fadeOut();\n\n                            $(\".loadmore-course-btn\").hide();\n\n                        }\n\n                    }\n\n                }\n\n            }); \n\n        });\n\n    });\n\n    <\/script>     \n\n\n\n\n\n    <\/div>[\/vc_column][\/vc_row]<\/p>\n","protected":false},"excerpt":{"rendered":"<p>[vc_row][vc_column][\/vc_column][\/vc_row]<\/p>\n","protected":false},"author":5,"featured_media":0,"parent":0,"menu_order":0,"comment_status":"closed","ping_status":"closed","template":"","meta":{"footnotes":""},"_links":{"self":[{"href":"https:\/\/ccis.com.ar\/capacitaciones\/wp-json\/wp\/v2\/pages\/2191"}],"collection":[{"href":"https:\/\/ccis.com.ar\/capacitaciones\/wp-json\/wp\/v2\/pages"}],"about":[{"href":"https:\/\/ccis.com.ar\/capacitaciones\/wp-json\/wp\/v2\/types\/page"}],"author":[{"embeddable":true,"href":"https:\/\/ccis.com.ar\/capacitaciones\/wp-json\/wp\/v2\/users\/5"}],"replies":[{"embeddable":true,"href":"https:\/\/ccis.com.ar\/capacitaciones\/wp-json\/wp\/v2\/comments?post=2191"}],"version-history":[{"count":3,"href":"https:\/\/ccis.com.ar\/capacitaciones\/wp-json\/wp\/v2\/pages\/2191\/revisions"}],"predecessor-version":[{"id":2194,"href":"https:\/\/ccis.com.ar\/capacitaciones\/wp-json\/wp\/v2\/pages\/2191\/revisions\/2194"}],"wp:attachment":[{"href":"https:\/\/ccis.com.ar\/capacitaciones\/wp-json\/wp\/v2\/media?parent=2191"}],"curies":[{"name":"wp","href":"https:\/\/api.w.org\/{rel}","templated":true}]}}