{"id":30,"date":"2016-11-22T09:15:30","date_gmt":"2016-11-22T09:15:30","guid":{"rendered":"http:\/\/dev.champtheme.net\/educare\/?page_id=30"},"modified":"2019-01-25T10:43:45","modified_gmt":"2019-01-25T10:43:45","slug":"courses","status":"publish","type":"page","link":"https:\/\/ccis.com.ar\/capacitaciones\/cursos\/","title":{"rendered":"Cursos"},"content":{"rendered":"<p>[vc_row css=\u00bb.vc_custom_1480917736323{padding-top: 100px !important;}\u00bb][vc_column]<div class=\"educare-course-list-wrap educare-course-list-4\"><div class=\"row\"><div class=\"col-md-3\">\n\n            <div class=\"single-educare-course\">\n            <a href=\"https:\/\/ccis.com.ar\/capacitaciones\/course\/fotografia-al-alcance-de-tu-mano\/\">\n                <div style=\"background-image:url(https:\/\/ccis.com.ar\/capacitaciones\/wp-content\/uploads\/2021\/03\/curso-fotografia-fotoweb-1-300x300.jpg)\" class=\"educare-course-img\">\n\n                    <div class=\"educare-loading-bar\">\n\n                        <p><i class=\"fa fa-cog fa-spin\"><\/i> Loading ...<\/p>\n\n                    <\/div>\n\n                    <div class=\"educare-course-img-border\"><\/div>\n\n                <\/div>\n\n                <h2>Fotograf\u00eda al alcance de tu mano <span> <span  class=\"count\">850<\/span><\/span><\/h2>\n\n                <p>[FINALIZADO] Aprend\u00e9 a mejorar las im\u00e1genes de tus productos. Herramientas necesarias para participar del curso: Smartphone Snapseed (app para editar fotos) -deben descargarla- Ganas de crear contenido valioso para tu feed Temario: Conceptos de fotograf\u00eda La Luz Configuraci\u00f3n de celular Tips para fotoproducto Edici\u00f3n de fotos con apps en el celular *Se env\u00eda al finalizar [&hellip;]<\/p>\n\n\n                <a href=\"https:\/\/ccis.com.ar\/capacitaciones\/course\/fotografia-al-alcance-de-tu-mano\/\" class=\"educare-btn bordered-btn \">VER M\u00c1S<\/a>\n            <\/a>\n            <\/div>\n\n        <\/div><div class=\"col-md-3\">\n\n            <div class=\"single-educare-course\">\n            <a href=\"https:\/\/ccis.com.ar\/capacitaciones\/course\/storytelling-el-arte-de-contar-historias-en-la-venta\/\">\n                <div style=\"background-image:url(https:\/\/ccis.com.ar\/capacitaciones\/wp-content\/uploads\/2020\/10\/BASE-FOTO-WEB-storytellyng-300x300.jpg)\" class=\"educare-course-img\">\n\n                    <div class=\"educare-loading-bar\">\n\n                        <p><i class=\"fa fa-cog fa-spin\"><\/i> Loading ...<\/p>\n\n                    <\/div>\n\n                    <div class=\"educare-course-img-border\"><\/div>\n\n                <\/div>\n\n                <h2>Storytelling: el arte de contar historias en la venta. <span> <span  class=\"count\"><\/span><\/span><\/h2>\n\n                <p>[FINALIZADO] Profesor: Lic. Maximiliano Panero Dirigido a Ejecutivos de cuenta Asesores comerciales L\u00edderes de Venta Emprendedores Comerciantes Descripci\u00f3n Para hacer las presentaciones de venta m\u00e1s efectivas y atrapantes es necesario aprender a contarlas como si fueran una historia. En este curso, Maximiliano Panero te va a contar como secuenciar tu presentaci\u00f3n y enriquecerlas con conflictos, [&hellip;]<\/p>\n\n\n                <a href=\"https:\/\/ccis.com.ar\/capacitaciones\/course\/storytelling-el-arte-de-contar-historias-en-la-venta\/\" class=\"educare-btn bordered-btn \">VER M\u00c1S<\/a>\n            <\/a>\n            <\/div>\n\n        <\/div><div class=\"col-md-3\">\n\n            <div class=\"single-educare-course\">\n            <a href=\"https:\/\/ccis.com.ar\/capacitaciones\/cursos\/marketing-digital-y-comercio-electronico\/\">\n                <div style=\"background-image:url(https:\/\/ccis.com.ar\/capacitaciones\/wp-content\/uploads\/2020\/02\/flyer-foto-mkt-digital-300x300.png)\" class=\"educare-course-img\">\n\n                    <div class=\"educare-loading-bar\">\n\n                        <p><i class=\"fa fa-cog fa-spin\"><\/i> Loading ...<\/p>\n\n                    <\/div>\n\n                    <div class=\"educare-course-img-border\"><\/div>\n\n                <\/div>\n\n                <h2>Marketing Digital y Comercio Electr\u00f3nico <span> <span  class=\"count\"><\/span><\/span><\/h2>\n\n                <p>[FINALIZADO] Profesor: Bruno Palmieri &#8211; VER PERFIL Costo total EXCLUSIVO para Socios CCIS: 35% OFF \u00bb\u00a0$4.745 Ped\u00ed por Whatsapp +54 9 2914 62-6672 o por el chat tu c\u00f3digo de descuento! Resumen Bio: Bruno Palmieri se dedica desde hace m\u00e1s de 12 a\u00f1os a las tem\u00e1ticas de Marketing Digital y Comercio Electr\u00f3nico. Es presidente de [&hellip;]<\/p>\n\n\n                <a href=\"https:\/\/ccis.com.ar\/capacitaciones\/cursos\/marketing-digital-y-comercio-electronico\/\" class=\"educare-btn bordered-btn \">VER M\u00c1S<\/a>\n            <\/a>\n            <\/div>\n\n        <\/div><div class=\"col-md-3\">\n\n            <div class=\"single-educare-course\">\n            <a href=\"https:\/\/ccis.com.ar\/capacitaciones\/course\/planeamiento-y-gestion-de-control\/\">\n                <div style=\"background-image:url(https:\/\/ccis.com.ar\/capacitaciones\/wp-content\/uploads\/2020\/02\/flyer-foto-Planeamiento-y-control-de-gesti\u00f3n.--300x300.png)\" class=\"educare-course-img\">\n\n                    <div class=\"educare-loading-bar\">\n\n                        <p><i class=\"fa fa-cog fa-spin\"><\/i> Loading ...<\/p>\n\n                    <\/div>\n\n                    <div class=\"educare-course-img-border\"><\/div>\n\n                <\/div>\n\n                <h2>Planeamiento y Control de gesti\u00f3n <span> <span  class=\"count\"><\/span><\/span><\/h2>\n\n                <p>Profesor Dra. Melisa Manzanal y Mg. Natalia Urriza Dirigido a Destinado principalmente a socios empresarios y administradores de pymes, de organizaciones sin fines de lucro y de la administraci\u00f3n p\u00fablica, como as\u00ed tambi\u00e9n a p\u00fablico en general y estudiantes avanzados de carreras de ciencias econ\u00f3micas y afines de nivel superior y universitario. Descripci\u00f3n Este curso [&hellip;]<\/p>\n\n\n                <a href=\"https:\/\/ccis.com.ar\/capacitaciones\/course\/planeamiento-y-gestion-de-control\/\" class=\"educare-btn bordered-btn \">VER M\u00c1S<\/a>\n            <\/a>\n            <\/div>\n\n        <\/div><\/div><div class=\"row\"><div class=\"col-md-3\">\n\n            <div class=\"single-educare-course\">\n            <a href=\"https:\/\/ccis.com.ar\/capacitaciones\/course\/seleccion-de-talento-humano-2\/\">\n                <div style=\"background-image:url(https:\/\/ccis.com.ar\/capacitaciones\/wp-content\/uploads\/2020\/02\/flyer-foto-M\u00d3DULO-1-SELECCI\u00d2N-DE-TALENTO-HUMANO.-Ficha-cursos-300x300.png)\" class=\"educare-course-img\">\n\n                    <div class=\"educare-loading-bar\">\n\n                        <p><i class=\"fa fa-cog fa-spin\"><\/i> Loading ...<\/p>\n\n                    <\/div>\n\n                    <div class=\"educare-course-img-border\"><\/div>\n\n                <\/div>\n\n                <h2>Ciclo Pr\u00e1ctico de Gesti\u00f3n de Recursos Humanos:  M\u00f3dulo 1- Selecci\u00f3n de talento humano. <span> <span  class=\"count\"><\/span><\/span><\/h2>\n\n                <p>Profesor Mariz\u00fa Noguez Dirigido a Profesionales de RRHH, empleados, mandos medios, pymes, emprendedores, comercios, empresas, profesionales y p\u00fablico en gral. Descripci\u00f3n Colaboradores motivados generan buenos ambientes de trabajo y el logro de ambiciosas metas. Las nuevas generaciones de trabajadores buscan formarse con experiencias gratificantes; no conocen lo que es el sentido de pertenencia ni la [&hellip;]<\/p>\n\n\n                <a href=\"https:\/\/ccis.com.ar\/capacitaciones\/course\/seleccion-de-talento-humano-2\/\" class=\"educare-btn bordered-btn \">VER M\u00c1S<\/a>\n            <\/a>\n            <\/div>\n\n        <\/div><div class=\"col-md-3\">\n\n            <div class=\"single-educare-course\">\n            <a href=\"https:\/\/ccis.com.ar\/capacitaciones\/course\/herramientas-para-la-resolucion-de-conflictos-negociacion-y-mediacion\/\">\n                <div style=\"background-image:url(https:\/\/ccis.com.ar\/capacitaciones\/wp-content\/uploads\/2020\/02\/flyer-foto-Herramientas-de-resoluci\u00f3n-de-conflictos-300x300.png)\" class=\"educare-course-img\">\n\n                    <div class=\"educare-loading-bar\">\n\n                        <p><i class=\"fa fa-cog fa-spin\"><\/i> Loading ...<\/p>\n\n                    <\/div>\n\n                    <div class=\"educare-course-img-border\"><\/div>\n\n                <\/div>\n\n                <h2>Herramientas para la resoluci\u00f3n de conflictos: Negociaci\u00f3n y mediaci\u00f3n. <span> <span  class=\"count\"><\/span><\/span><\/h2>\n\n                <p>Profesor Mar\u00eda Soledad MUNGUIA Dirigido a Estudiantes, docentes, profesionales de todas las ramas y P\u00fablico en general interesados en la gesti\u00f3n y resoluci\u00f3n de conflictos. Descripci\u00f3n Todas las instituciones de la sociedad y la vida cotidiana se encuentran inevitablemente inmersas en procesos de cambio. Frente a los cambios que la sociedad est\u00e1 viviendo y vivir\u00e1 [&hellip;]<\/p>\n\n\n                <a href=\"https:\/\/ccis.com.ar\/capacitaciones\/course\/herramientas-para-la-resolucion-de-conflictos-negociacion-y-mediacion\/\" class=\"educare-btn bordered-btn \">VER M\u00c1S<\/a>\n            <\/a>\n            <\/div>\n\n        <\/div><div class=\"col-md-3\">\n\n            <div class=\"single-educare-course\">\n            <a href=\"https:\/\/ccis.com.ar\/capacitaciones\/course\/ingles-de-negocios-nivel-1\/\">\n                <div style=\"background-image:url(https:\/\/ccis.com.ar\/capacitaciones\/wp-content\/uploads\/2020\/02\/flyer-foto-INGL\u00c9S-DE-NEGOCIOS-nivel-I-300x300.png)\" class=\"educare-course-img\">\n\n                    <div class=\"educare-loading-bar\">\n\n                        <p><i class=\"fa fa-cog fa-spin\"><\/i> Loading ...<\/p>\n\n                    <\/div>\n\n                    <div class=\"educare-course-img-border\"><\/div>\n\n                <\/div>\n\n                <h2>Ingl\u00e9s de Negocios. Nivel 1 <span> <span  class=\"count\"><\/span><\/span><\/h2>\n\n                <p>Profesor Mar\u00eda Soledad Gonzalez Dirigido a El Curso est\u00e1 dise\u00f1ado para empresarios, administrativos y emprendedores del comercio y la industria. Estudiantes y graduado de carreras como: Administraci\u00f3n de empresas, T\u00e9cnicos o licenciados en administraci\u00f3n financiera, de Marketing o Negocios. Tambi\u00e9n las relacionadas con el \u00e1mbito inmobiliario. Contadores, socios y personal de la Corporaci\u00f3n. No es [&hellip;]<\/p>\n\n\n                <a href=\"https:\/\/ccis.com.ar\/capacitaciones\/course\/ingles-de-negocios-nivel-1\/\" class=\"educare-btn bordered-btn \">VER M\u00c1S<\/a>\n            <\/a>\n            <\/div>\n\n        <\/div><div class=\"col-md-3\">\n\n            <div class=\"single-educare-course\">\n            <a href=\"https:\/\/ccis.com.ar\/capacitaciones\/course\/liquidacion-de-sueldos-nivel-1\/\">\n                <div style=\"background-image:url(https:\/\/ccis.com.ar\/capacitaciones\/wp-content\/uploads\/2020\/02\/flyer-foto-LIQUIDACI\u00d3N-DE-SUELDOS-NIVEL-I-300x300.png)\" class=\"educare-course-img\">\n\n                    <div class=\"educare-loading-bar\">\n\n                        <p><i class=\"fa fa-cog fa-spin\"><\/i> Loading ...<\/p>\n\n                    <\/div>\n\n                    <div class=\"educare-course-img-border\"><\/div>\n\n                <\/div>\n\n                <h2>Liquidaci\u00f3n de sueldos. Nivel 1 | UNS-CCIS <span> <span  class=\"count\"><\/span><\/span><\/h2>\n\n                <p>Profesor Magister en Administraci\u00f3n y Cr. Claudio Genovese Dirigido a Est\u00e1 dirigido a socios de CCIS y p\u00fablico en general que se desempe\u00f1en como empleados administrativos, personal de estudios contables, empleados de recursos humanos y todos aquellos interesados en adquirir o actualizar sus conocimientos en el tema. Descripci\u00f3n Aprender sobre los aspectos fundamentales que hacen [&hellip;]<\/p>\n\n\n                <a href=\"https:\/\/ccis.com.ar\/capacitaciones\/course\/liquidacion-de-sueldos-nivel-1\/\" class=\"educare-btn bordered-btn \">VER M\u00c1S<\/a>\n            <\/a>\n            <\/div>\n\n        <\/div><\/div><div class=\"row\"><\/div>\n\n    <script>\n\n    jQuery(document).ready(function($){\n\n        $(\".loadmore-course-btn\").click(function(){\n\n            $.ajax({\n\n                type: 'POST',\n\n                url: \"https:\/\/ccis.com.ar\/capacitaciones\/wp-admin\/admin-ajax.php\",\n\n                dataType: 'html',\n\n                data: {\n\n                    count: $(this).attr(\"data-count\"),\n\n                    columns: $(this).attr(\"data-columns\"),\n\n                    static_count: $(this).attr(\"data-static-count\"),\n\n                    total_loaded: $(this).attr(\"data-total-loaded\"),\n\n                    btn_text: $(this).attr(\"data-btn-text\"),\n\n                    category: $(this).attr(\"data-category\"),\n\n                    action: 'load_more_courses',\n\n                    nonce: $(this).data('nonce')\n\n                },\n\n                beforeSend: function(data) {\n\n                    $(\"#load-next-courses-message\").append(\"<span class='coursemore-loading-text'><i class='fa fa-cog fa-spin'><\/i> courses loading ...<\/span>\");\n\n                    $(\".loadmore-course-btn\").hide();\n\n                },\n\n                success: function(data, result){\n\n                    if( result != 'error' ) {\n\n                        $(\".educare-course-list-wrap .row\").append(data);\n\n\n\n\n\n\n\n\n\n                        var posts_per_page = 8;\n\n                        var final_count = parseInt($(\".loadmore-course-btn\").attr(\"data-count\")) + parseInt(posts_per_page);\n\n\n\n                        var total_found_posts = parseInt(16);\n\n                        $(\".loadmore-course-btn\").removeAttr(\"data-count\");\n\n                        $(\".loadmore-course-btn\").attr(\"data-count\", final_count);\n\n\n\n\n\n\n\n                        var total_loaded_count = parseInt($(\".loadmore-course-btn\").attr(\"data-count\")) - parseInt(posts_per_page);\n\n\n\n                        $(\".loadmore-course-btn\").removeAttr(\"data-total-loaded\");\n\n                        $(\".loadmore-course-btn\").attr(\"data-total-loaded\", total_loaded_count);\n\n                        $(\"#load-next-courses-message\").empty();\n\n                        $(\".loadmore-course-btn\").show();\n\n\n\n                        if ( parseInt($(\".loadmore-course-btn\").attr(\"data-total-loaded\")) > total_found_posts) {\n\n                            $(\"#load-next-courses-message\").append(\"No more courses available\");\n\n                            $(\".load-more-courses-wrap, #load-next-courses-message\").fadeOut();\n\n                            $(\".loadmore-course-btn\").hide();\n\n                        }\n\n                    }\n\n                }\n\n            }); \n\n        });\n\n    });\n\n    <\/script>     \n\n\n\n\n\n    <\/div>[\/vc_column][\/vc_row]<\/p>\n","protected":false},"excerpt":{"rendered":"<p>[vc_row css=\u00bb.vc_custom_1480917736323{padding-top: 100px !important;}\u00bb][vc_column][\/vc_column][\/vc_row]<\/p>\n","protected":false},"author":1,"featured_media":0,"parent":0,"menu_order":0,"comment_status":"closed","ping_status":"closed","template":"","meta":{"footnotes":""},"_links":{"self":[{"href":"https:\/\/ccis.com.ar\/capacitaciones\/wp-json\/wp\/v2\/pages\/30"}],"collection":[{"href":"https:\/\/ccis.com.ar\/capacitaciones\/wp-json\/wp\/v2\/pages"}],"about":[{"href":"https:\/\/ccis.com.ar\/capacitaciones\/wp-json\/wp\/v2\/types\/page"}],"author":[{"embeddable":true,"href":"https:\/\/ccis.com.ar\/capacitaciones\/wp-json\/wp\/v2\/users\/1"}],"replies":[{"embeddable":true,"href":"https:\/\/ccis.com.ar\/capacitaciones\/wp-json\/wp\/v2\/comments?post=30"}],"version-history":[{"count":6,"href":"https:\/\/ccis.com.ar\/capacitaciones\/wp-json\/wp\/v2\/pages\/30\/revisions"}],"predecessor-version":[{"id":2190,"href":"https:\/\/ccis.com.ar\/capacitaciones\/wp-json\/wp\/v2\/pages\/30\/revisions\/2190"}],"wp:attachment":[{"href":"https:\/\/ccis.com.ar\/capacitaciones\/wp-json\/wp\/v2\/media?parent=30"}],"curies":[{"name":"wp","href":"https:\/\/api.w.org\/{rel}","templated":true}]}}