{"id":3019,"date":"2020-02-18T18:39:28","date_gmt":"2020-02-18T18:39:28","guid":{"rendered":"http:\/\/ccis.com.ar\/capacitaciones\/?post_type=product&#038;p=3019"},"modified":"2020-02-18T18:39:28","modified_gmt":"2020-02-18T18:39:28","slug":"ciclo-practico-de-gestion-de-recursos-humanos-modulo-5-neuro-ciencia-el-lenguaje-corporal-micro-expresion-aplicados","status":"publish","type":"product","link":"https:\/\/ccis.com.ar\/capacitaciones\/producto\/ciclo-practico-de-gestion-de-recursos-humanos-modulo-5-neuro-ciencia-el-lenguaje-corporal-micro-expresion-aplicados\/","title":{"rendered":"Ciclo pr\u00e1ctico de Gesti\u00f3n de recursos humanos: M\u00f3dulo 5 | Neuro-ciencia: El lenguaje Corporal- micro expresi\u00f3n aplicados"},"content":{"rendered":"","protected":false},"excerpt":{"rendered":"","protected":false},"featured_media":3017,"comment_status":"open","ping_status":"closed","template":"","meta":[],"product_cat":[76],"product_tag":[],"_links":{"self":[{"href":"https:\/\/ccis.com.ar\/capacitaciones\/wp-json\/wp\/v2\/product\/3019"}],"collection":[{"href":"https:\/\/ccis.com.ar\/capacitaciones\/wp-json\/wp\/v2\/product"}],"about":[{"href":"https:\/\/ccis.com.ar\/capacitaciones\/wp-json\/wp\/v2\/types\/product"}],"replies":[{"embeddable":true,"href":"https:\/\/ccis.com.ar\/capacitaciones\/wp-json\/wp\/v2\/comments?post=3019"}],"wp:featuredmedia":[{"embeddable":true,"href":"https:\/\/ccis.com.ar\/capacitaciones\/wp-json\/wp\/v2\/media\/3017"}],"wp:attachment":[{"href":"https:\/\/ccis.com.ar\/capacitaciones\/wp-json\/wp\/v2\/media?parent=3019"}],"wp:term":[{"taxonomy":"product_cat","embeddable":true,"href":"https:\/\/ccis.com.ar\/capacitaciones\/wp-json\/wp\/v2\/product_cat?post=3019"},{"taxonomy":"product_tag","embeddable":true,"href":"https:\/\/ccis.com.ar\/capacitaciones\/wp-json\/wp\/v2\/product_tag?post=3019"}],"curies":[{"name":"wp","href":"https:\/\/api.w.org\/{rel}","templated":true}]}}